 is j(x)?
-2
Let d(q) = 4*q - 2 - 12 + 0*q**2 + q**2 - 10*q. Let a be d(8). Let w(s) = 6*s**2 + a*s**3 - 3*s**3 - 88 - s + 93. Determine w(6).
-1
Let m(v) = 1 + v**3 + 5 - 6*v + 7*v - 3*v. Suppose 33*h = -20*h. Determine m(h).
6
Suppose -4*f - 2 = 5*t + 17, -t = 5*f + 8. Suppose -4*r - r + 35 = 0. Let y(a) = -r*a - 13 + 0*a + 14. Calculate y(t).
22
Let q(h) = -5*h**2 - 2*h - 1. Let w(g) = 13*g**2 + 5*g - 3. Let a(l) = l**2 - 1. Let j(b) = -5*a(b) + w(b). Let o(t) = 2*j(t) + 5*q(t). Calculate o(-1).
-10
Let x(g) be the first derivative of 2*g**2 + 60*g - 7075. What is x(-9)?
24
Let q(x) = -x**2 + 13*x - 5. Let s(f) = -67*f - 529. Let i be s(-8). Determine q(i).
37
Suppose -3*a + 21 + 33 = 4*b, 4 = 2*a. Let w(l) be the third derivative of -l**6/120 + l**5/5 + l**4/24 - 4*l**3/3 + 13483*l**2 - 2*l. What is w(b)?
4
Let a(x) = x**2 + 2*x. Let g be a(-3). Let n(m) = 545 - 276 + 4*m - 268 - 5*m. Calculate n(g).
-2
Let t(x) = x**3 + x**2 - 4*x + 25. Let h(b) = b**2 + b + 5. Let z(l) = 4*h(l) - t(l). Give z(5).
-15
Let y(l) = -l**2 + 3*l + 4. Let t be (-3)/6*1 - (-244)/8. Suppose t = 8*k - 18. Suppose k*z = 4*z + 8. Calculate y(z).
0
Let t(r) = -60*r - 4. Let j(p) = 182*p + 11. Let q(z) = 6*j(z) + 19*t(z). Let y(w) = -7*w - 1. Let v(a) = q(a) - 7*y(a). Calculate v(-2).
-5
Let n(r) = -16*r + 6*r**2 + 958 - 1012*r**3 - 967 + 1013*r**3. Let c = -289 - -281. Calculate n(c).
-9
Let q(l) = l**3 - 5*l**2 - 5*l + 6. Let f(b) = -2*b**2 + 10*b + 174. Let d be f(12). Give q(d).
12
Let h(r) = r - 190. Let s(k) = 16. Let o(x) = 2*h(x) + 25*s(x). Let c be (-2)/(-8) - 49/4. Give o(c).
-4
Suppose -51*p + 30*p = 147. Let u(o) = o**2 - 52. Give u(p).
-3
Suppose 16 = -a - 4*j - 0, -4*j = 5*a. Let s(c) = c + 8. Let u be s(a). Suppose -3*r + u = -3. Let l(f) = -f**3 + 5*f**2 - 3*f + 6. Determine l(r).
-9
Let u(d) = d**2 + 2*d**2 + 18 + 9*d - 2*d**2 - 8 + 17. Calculate u(-4).
7
Suppose -k = -54 - 36. Let f = k - 48. Suppose f = -s + 46. Let g(p) = p**2 - 3*p + 5. Calculate g(s).
9
Let m(s) = -4*s + 2*s + 5*s + s**2 - 2*s**3 - 2*s - 2. Let i be -3*(2/18 - 65/(-117)). Give m(i).
16
Let g be (2466/(-28359))/((-2)/46). Let l(x) be the first derivative of 5*x - 1 - 1/3*x**3 + 3/2*x**g. Give l(4).
1
Let u = -309233 - -309236. Let x(w) be the third derivative of w**6/120 - w**5/15 + w**4/12 - w**3/3 - w**2. What is x(u)?
-5
Let n(b) = b**3 + 22*b**2 + 21*b - 1. Let q = 434 - 426. Let m(d) = -d**2 + 16*d - 85. Let i be m(q). Give n(i).
-1
Let r(m) be the first derivative of -1/3*m**3 + 2*m**2 + 58 + 4*m. Calculate r(-3).
-17
Let f = 3936 - 3930. Let o(d) = -d**3 + 7*d**2 + 4*d - 5. Determine o(f).
55
Let u(d) = 27*d**2 - d + 1. Let g(h) = -84*h**2 + 32*h - 2. Let t(v) = g(v) + 3*u(v). Determine t(10).
-9
Let y(p) be the first derivative of p**3/3 - p**2/2 - 14*p + 1. Let t(k) = -375*k - 1125. Let x be t(-3). Give y(x).
-14
Let l(q) = 12*q**2 + 3*q - 4. Let i(b) = -3*b**2 - b + 1. Let k(r) = 21*i(r) + 6*l(r). Give k(3).
69
Let c(b) = 3*b**2 - 16*b + 0*b**2 + 9 - 5*b**2 + b**2. Let x(v) = -v**2 - 14*v + 8. Let r(j) = 5*c(j) - 6*x(j). What is r(-6)?
9
Let d(i) = 16*i**2 - 72*i - 3. Let j(n) = 14*n**2 - 60*n - 2. Let m(h) = -5*d(h) + 6*j(h). What is m(5)?
103
Let c(m) = 2*m**3 + 104*m**2 - 102*m + 218. Let d be c(-53). Let z(s) be the third derivative of s**4/24 + s**3/3 - 2*s**2. What is z(d)?
8
Let z(k) = -776*k**2 - 37*k - 736*k**2 - 16 + 1515*k**2. Give z(13).
10
Let a(m) be the first derivative of m**4/4 + 2*m**3/3 - 6*m**2 - 14*m + 732. Determine a(-4).
2
Let r(x) = x**3 + 6*x**2 - 9*x - 9. Let z be r(-7). Suppose 0 = 10*k - 6*k - 8. Let j(m) = 3 - 4*m**2 + 11*m**2 - 2*m**2 - 2*m**3 + m**3 - k*m. What is j(z)?
-7
Let x(d) = -d**2 - 2*d - 8. Let o be (10 + -10)*(3/(-2))/(-3). Give x(o).
-8
Let p(f) = -20*f - 6. Let t(j) = -37*j - 775. Let x be t(-21). What is p(x)?
-46
Let n(l) = 4*l - 2. Let p(k) = -3*k - 1. Let d(c) = 5*n(c) + 5*p(c). Give d(3).
0
Suppose -4*a = -0*a - 12. Let j = a - 9. Let l(z) = -27291 + 3*z**2 + 27298 - 2*z**2 + 5*z. What is l(j)?
13
Let r(t) be the third derivative of t**4/8 - 13*t**3/3 + 401*t**2 - 1. Determine r(11).
7
Let x(p) be the first derivative of -2*p**3/3 - p**2/2 - 106. Let g = -42 - -42. Suppose g = -s - 3*s - 4. What is x(s)?
-1
Let q(r) be the second derivative of 1/6*r**4 + 67*r + 1/20*r**5 + 0 - 2/3*r**3 - 1/2*r**2. Determine q(-4).
-17
Let o(s) = 5*s + 7 + 18 - 10 + 0 - 4*s. Calculate o(-10).
5
Let b be 10*(-6)/45*3 - -9. Let x(w) = -2*w + 5. Let g(q) = 3*q - 5. Let r(s) = b*x(s) + 4*g(s). Give r(-4).
-3
Let i(h) = 2*h - 6. Suppose -x - 3*w + 45 = 0, -2*x + 77 = w - 8. Suppose 0 = -2*l + x + 46. Suppose -12*v + v = -l. Calculate i(v).
2
Let j be 1/((-2)/12) + (-7 - -6). Let s(c) be the third derivative of 0 - 2*c**3 - 2*c**2 - 1/24*c**4 + 0*c. What is s(j)?
-5
Let z(c) = 42*c + 4 - 30*c + 10 + 40*c. Let d(k) = -18*k - 5. Let u(a) = -11*d(a) - 4*z(a). Suppose 5*s = 0, 2*g = s + 1 + 1. Give u(g).
-11
Let g(m) = 24*m**3 + 18*m**2 + m - 4. Let w(n) = 29*n**3 + 19*n**2 + n - 4. Let h(v) = 6*g(v) - 5*w(v). Let t be 2/8*(-33 - -85). What is h(t)?
9
Let v(m) = -808*m - 491. Let h(p) = -333*p - 245. Let c(k) = -5*h(k) + 2*v(k). Calculate c(-5).
-2
Let s(d) be the second derivative of 7*d**4/12 + d**3 - 11*d**2/2 - 58*d + 16. Calculate s(3).
70
Let v(k) = 1 - 2 - 156*k**2 - 9*k + 0 + 157*k**2. Let j = 55 + -42. Suppose 22 + j = 5*y. What is v(y)?
-15
Suppose 5*i = 4*i. Suppose -21*n + 14*n - 49 = i. Let p = n + 4. Let t(z) = z**3 + 4*z**2 + 2*z + 3. Determine t(p).
6
Let n = -165 - -167. Let v(s) = 0*s**2 + s + 6 + s**n - 7 + 3. Calculate v(0).
2
Let n = -80 - -97. Suppose 103 + n = -24*l. Let k(v) = -v - 5. Determine k(l).
0
Let k(b) = -2*b**2 - 2*b + 5. Suppose 12 = 6*v - 2*v. Calculate k(v).
-19
Let r(o) be the first derivative of -3*o**2/2 - o + 128. Determine r(0).
-1
Let n(k) = -2 + k + 3 + k. Suppose 38*a - 2085 = 43. Suppose -515*f + 523*f = -a. What is n(f)?
-13
Suppose 7*a + 5 = -46 - 5. Let r(j) = -j**2 - 3*j + 12. Give r(a).
-28
Let g(s) = 49*s + 120*s**2 - 2 - 3 + 48*s - 89*s - 121*s**2. Calculate g(9).
-14
Let m(v) be the first derivative of v**7/840 - v**6/45 - v**5/60 + 5*v**4/24 - 10*v**3 + 48. Let d(r) be the third derivative of m(r). Give d(8).
-11
Let a be (-268)/(-34) - 22/(-187). Suppose 5*i + 2*r - r - 12 = 0, -5*r = -i - a. Let m(n) = 0*n**2 - n - 2 + n**i - 2*n**2 + 2*n**2. Calculate m(3).
4
Let w = 16965 + -16983. Let z(v) = v**3 + 19*v**2 + 7*v - 193. What is z(w)?
5
Let z(o) = -138 - 94*o - 2*o**2 - 50 + 129 + 5*o**2. Determine z(32).
5
Let t(z) = -z**2 + 44. Let m be t(-7). Let w(d) = -5*d**3 + d - 9. Let s(c) = 14*c**3 + c**2 - 3*c + 26. Let n(u) = 4*s(u) + 11*w(u). Determine n(m).
-15
Let i(o) = o**3 + 8*o**2 + 4*o + 25. Let n be 61 + -50 - (1 + 18). Calculate i(n).
-7
Let f(h) = -h**2 - 6*h + 6. Suppose -3*p = 4*t - 43, 6 = -4*t - 4*p + 54. Suppose t*x + 17 = 3*x + 3*n, 4*n - 6 = 2*x. Determine f(x).
11
Let q(a) = a**2 - 6*a + 4. Let k be q(5). Let s(o) = 11*o**3 - 291*o + o**2 + 563*o + 1 - 28*o**3 - 271*o. Determine s(k).
18
Let i(b) be the third derivative of b**5/60 + 13*b**4/24 + 35*b**3/6 - 7*b**2 - 231*b. What is i(-7)?
-7
Let a(d) = 5*d + 9. Let n(h) = -2*h - 5. Let u(i) = -4*a(i) - 7*n(i). Let y(c) = 148*c - 3402. Let m be y(23). What is u(m)?
-13
Let f be (3 - 3)/13 - 1. Let a(g) = -19*g - 15. Determine a(f).
4
Let n(o) be the first derivative of -o**4/4 + 8*o**3 - 23*o**2/2 + 2*o + 1045. Give n(23).
2
Let w(k) = 8*k**2 - 26*k + 16. Let y(x) = -7*x**2 + 22*x - 13. Let p(s) = 5*w(s) + 6*y(s). Let m = -4 - -2. Give p(m).
-10
Let u(f) = f**3 + 8*f - 9. Suppose 59*r - 63*r - 11 = -5*k, -2*r + 5*k - 13 = 0. Give u(r).
0
Let q be (17 - 16) + (0 - -1)*-2. Let n be ((-6)/9)/(q/9). Let h(k) = -k**2 + 4*k + 7. Give h(n).
-5
Let n(q) = -117*q**2 - 5*q + 3. Let o(h) = -78*h**2 - 3*h + 2. Let f(d) = 5*n(d) - 8*o(d). Suppose -t = -18*l + 16*l + 7, 4*l = t + 13. Calculate f(t).
39
Let l(f) = -8*f - 25. Let t(o) = -18*o - 53. Let v(c) = 7*l(c) - 3*t(c). Determine v(-8).
0
Let s(l) = -l - 4. Let q be (-9858)/(-742) + 1 + 18/(-14). Suppose -179 = q*r - 114. Give s(r).
1
Let z(s) = -s**3 + 8*s**2 + s - 33. Let j(n) = -471*n + 2362. Let k be j(5). Determine z(k).
23
Suppose -y + 2 = 6. Let m(x) = 2*x. Let s(g) = 7*g + 8. L